{"id":14,"date":"2015-01-09T11:45:36","date_gmt":"2015-01-09T11:45:36","guid":{"rendered":"https:\/\/mecskekozkincs.hu\/?page_id=14"},"modified":"2018-11-12T10:35:28","modified_gmt":"2018-11-12T10:35:28","slug":"iskolank-tortenete","status":"publish","type":"page","link":"https:\/\/mecskekozkincs.hu\/?page_id=14","title":{"rendered":"Iskol\u00e1nk t\u00f6rt\u00e9nete"},"content":{"rendered":"<h3 style=\"text-align: left;\"><strong><br \/>\nR\u00f6vid t\u00f6rt\u00e9neti \u00e1ttekint\u00e9s <\/strong><\/h3>\n<p style=\"text-align: justify;\">Az \u00e1llamos\u00edt\u00e1s el\u0151tti id\u0151kben Magyarmecsk\u00e9n \u00e9s Gy\u00f6ngyf\u00e1n reform\u00e1tus, Gilv\u00e1nf\u00e1n \u00e9s Kisasszonyf\u00e1n r\u00f3mai katolikus egy-egy \u00f6sszevont tanul\u00f3csoportos felekezeti iskola m\u0171k\u00f6d\u00f6tt, 1-6. oszt\u00e1llyal. Magyarteleken csak 1946-ban l\u00e9tes\u00fclt \u00f6n\u00e1ll\u00f3 iskola. Az 1948-ban t\u00f6rt\u00e9nt \u00e1llamos\u00edt\u00e1s jelent\u0151s v\u00e1ltoz\u00e1st teremtett az oktat\u00e1sban. A k\u00f6telez\u0151 k\u00f6- z\u00f6s tanterv, a gyermekek \u00e9rdeke, a nevel\u0151k munk\u00e1j\u00e1nak megoszt\u00e1sa szinte mag\u00e1t\u00f3l k\u00edn\u00e1lta az alkalmat k\u00f6rzeti iskola l\u00e9trehoz\u00e1s\u00e1ra. Az 1949\/50-es tan\u00e9vben &#8211; sz\u00fcl\u0151k, nevel\u0151k egyet\u00e9rt\u00e9s\u00e9vel &#8211; k\u00f6rzeti iskola szervez\u0151d\u00f6tt Magyarmecsk\u00e9n az eml\u00edtett n\u00e9gy k\u00f6zs\u00e9g fels\u0151s tanul\u00f3i sz\u00e1m\u00e1ra. Az als\u00f3 tagozatosok tov\u00e1bbra is k\u00f6zs\u00e9g\u00fckben j\u00e1rtak iskol\u00e1ba, 1-4. oszt\u00e1lyos \u00f6sszevont tanul\u00f3csoportba. Magyarmecsk\u00e9n a k\u00f6rzet k\u00f6zs\u00e9geib\u0151l bej\u00e1r\u00f3 fels\u0151 tagozatosok k\u00e9t \u00f6sszevont tanul\u00f3csoportban tanultak, 3 nevel\u0151 seg\u00edts\u00e9g\u00e9vel. Az oktat\u00e1s c\u00e9lj\u00e1ra a k\u00f6zs\u00e9g volt kult\u00farotthon\u00e1t haszn\u00e1lt\u00e1k, ahol 2 tanterem \u00e9s szolg\u00e1lati lak\u00e1s l\u00e9tes\u00fclt. Rendelkez\u00e9sre \u00e1llt m\u00e9g egy sz\u00fcks\u00e9gtanterem egy mag\u00e1nh\u00e1zn\u00e1l, \u00e9s az eredeti volt reform\u00e1tus iskola, ahol az als\u00f3 tagozatos oktat\u00e1s folyt. A h\u00e1rom helyen sz\u00e9tsz\u00f3rtan t\u00f6rt\u00e9n\u0151 oktat\u00e1s sok neh\u00e9zs\u00e9get jelentett gyerekeknek \u00e9s feln\u0151tteknek egyar\u00e1nt. Az 1952\/53-as tan\u00e9vt\u0151l kezdve a fels\u0151 tagozat mindegyik oszt\u00e1lya k\u00fcl\u00f6n tanul\u00f3csoport lett. A nevel\u0151k sz\u00e1ma n\u00e9gyre, majd hatra gyarapodott. Tanterem hi\u00e1ny\u00e1ban a fels\u0151 tagozat az als\u00f3sok tantermeit is haszn\u00e1lta, \u00edgy az als\u00f3 tagozat d\u00e9lut\u00e1n j\u00e1rt iskol\u00e1ba. Az 1955\/56-os \u00e9vekben t\u00f6rt\u00e9nt \u00e1tszervez\u00e9sek alkalm\u00e1val meg\u00fcr\u00fclt az addig k\u00f6rzeti rend\u0151r- \u0151rs \u00e1ltal haszn\u00e1lt \u00e9p\u00fclet, s ebbe k\u00f6lt\u00f6zhetett az \u00e1ltal\u00e1nos iskola. 1978-ban Kisasszonyfa \u00e9s Magyartelek, 1983-ban Gilv\u00e1nfa als\u00f3 tagozatosainak bek\u00f6rzetes\u00edt\u00e9se t\u00f6rt\u00e9nt meg Magyarmecsk\u00e9re. \u00cdgy lehet\u0151s\u00e9g volt arra, hogy mind a nyolc oszt\u00e1ly \u00f6n\u00e1ll\u00f3an m\u0171k\u00f6dj\u00f6n, s az als\u00f3 tagozatban m\u00e9g tov\u00e1bbi egy tanul\u00f3csoport, 1-4 \u00f6sszevon\u00e1s\u00fa kiseg\u00edt\u0151 oszt\u00e1ly m\u0171k\u00f6d\u00e9se is megkezd\u0151d\u00f6tt az enyhe fokban \u00e9rtelmi fogyat\u00e9kos gyermekek sz\u00e1m\u00e1ra. A d\u00e9lel\u0151tti oktat\u00e1st d\u00e9lut\u00e1n 7 napk\u00f6zis csoportban foly\u00f3 munka eg\u00e9sz\u00ed- tette ki. 1990-ben \u00e1tad\u00e1sra ker\u00fclt a p\u00e1ly\u00e1zati p\u00e9nzekb\u0151l fel\u00e9p\u00edtett sz\u00e9p \u00faj iskola\u00e9p\u00fclet. 1993-t\u00f3l Gilv\u00e1nfa \u00f6n\u00e1ll\u00f3 jegyz\u0151s\u00e9g lett, s als\u00f3 tagozatos iskol\u00e1t l\u00e9tes\u00edtettek. A fels\u0151 tagozat tov\u00e1bbra is Magyarmecsk\u00e9re j\u00e1rt. 1998. szeptember 1-t\u0151l a 4 \u00e9vig Gilv\u00e1nf\u00e1ra j\u00e1rt als\u00f3 tagozatosok a sz\u00fcl\u0151k hat\u00e1rozott fell\u00e9p\u00e9s\u00e9nek eredm\u00e9nyek\u00e9nt ism\u00e9t visszaker\u00fcltek a magyarmecskei iskol\u00e1ba. 1990-es \u00e9vek v\u00e9g\u00e9t\u0151l teljesen osztott 8 \u00e9vfolyam, egy h\u00e1rmas \u00f6sszevon\u00e1s\u00fa speci\u00e1lis oszt\u00e1ly, valamint 6 napk\u00f6zis csoport m\u0171k\u00f6d\u00f6tt. 2003\/2004-es tan\u00e9vt\u0151l teljesen osztott 8 \u00e9vfolyammal m\u0171k\u00f6dik tov\u00e1bbra is az iskola. Ebben a tan\u00e9vben t\u00f6rt\u00e9nt meg a saj\u00e1tos nevel\u00e9si ig\u00e9ny\u0171 gyermekek integr\u00e1lt nevel\u00e9se-oktat\u00e1sa, valamint az Integr\u00e1ci\u00f3s Pedag\u00f3giai Rendszer (IPR) bevezet\u00e9se. Az 1-8 \u00e9vfolyamon eg\u00e9sz napos oktat\u00e1s folyik.<\/p>\n<p style=\"text-align: justify;\">2016. febru\u00e1rj\u00e1ban b\u0151v\u00fclt iskol\u00e1nk egy \u00faj tornateremmel.<\/p>\n<p>&nbsp;<\/p>\n","protected":false},"excerpt":{"rendered":"<p>R\u00f6vid t\u00f6rt\u00e9neti \u00e1ttekint\u00e9s Az \u00e1llamos\u00edt\u00e1s el\u0151tti id\u0151kben Magyarmecsk\u00e9n \u00e9s Gy\u00f6ngyf\u00e1n reform\u00e1tus, Gilv\u00e1nf\u00e1n \u00e9s Kisasszonyf\u00e1n r\u00f3mai katolikus egy-egy \u00f6sszevont tanul\u00f3csoportos felekezeti iskola m\u0171k\u00f6d\u00f6tt, 1-6. oszt\u00e1llyal. Magyarteleken csak 1946-ban l\u00e9tes\u00fclt \u00f6n\u00e1ll\u00f3 iskola. Az 1948-ban t\u00f6rt\u00e9nt \u00e1llamos\u00edt\u00e1s jelent\u0151s v\u00e1ltoz\u00e1st teremtett az oktat\u00e1sban. A k\u00f6telez\u0151 k\u00f6- z\u00f6s tanterv, a gyermekek \u00e9rdeke, a nevel\u0151k munk\u00e1j\u00e1nak megoszt\u00e1sa szinte mag\u00e1t\u00f3l k\u00edn\u00e1lta az [&hellip;]<\/p>\n","protected":false},"author":1,"featured_media":0,"parent":0,"menu_order":0,"comment_status":"closed","ping_status":"open","template":"onecolumn-page.php","meta":{"footnotes":""},"_links":{"self":[{"href":"https:\/\/mecskekozkincs.hu\/index.php?rest_route=\/wp\/v2\/pages\/14"}],"collection":[{"href":"https:\/\/mecskekozkincs.hu\/index.php?rest_route=\/wp\/v2\/pages"}],"about":[{"href":"https:\/\/mecskekozkincs.hu\/index.php?rest_route=\/wp\/v2\/types\/page"}],"author":[{"embeddable":true,"href":"https:\/\/mecskekozkincs.hu\/index.php?rest_route=\/wp\/v2\/users\/1"}],"replies":[{"embeddable":true,"href":"https:\/\/mecskekozkincs.hu\/index.php?rest_route=%2Fwp%2Fv2%2Fcomments&post=14"}],"version-history":[{"count":4,"href":"https:\/\/mecskekozkincs.hu\/index.php?rest_route=\/wp\/v2\/pages\/14\/revisions"}],"predecessor-version":[{"id":340,"href":"https:\/\/mecskekozkincs.hu\/index.php?rest_route=\/wp\/v2\/pages\/14\/revisions\/340"}],"wp:attachment":[{"href":"https:\/\/mecskekozkincs.hu\/index.php?rest_route=%2Fwp%2Fv2%2Fmedia&parent=14"}],"curies":[{"name":"wp","href":"https:\/\/api.w.org\/{rel}","templated":true}]}}

Iskolánk története

<h3 style="text-align: left;"><strong><br />
Rövid történeti áttekintés </strong></h3>
<p style="text-align: justify;">Az államosítás előtti időkben Magyarmecskén és Gyöngyfán református, Gilvánfán és Kisasszonyfán római katolikus egy-egy összevont tanulócsoportos felekezeti iskola működött, 1-6. osztállyal. Magyarteleken csak 1946-ban létesült önálló iskola. Az 1948-ban történt államosítás jelentős változást teremtett az oktatásban. A kötelező kö- zös tanterv, a gyermekek érdeke, a nevelők munkájának megosztása szinte magától kínálta az alkalmat körzeti iskola létrehozására. Az 1949/50-es tanévben &#8211; szülők, nevelők egyetértésével &#8211; körzeti iskola szerveződött Magyarmecskén az említett négy község felsős tanulói számára. Az alsó tagozatosok továbbra is községükben jártak iskolába, 1-4. osztályos összevont tanulócsoportba. Magyarmecskén a körzet községeiből bejáró felső tagozatosok két összevont tanulócsoportban tanultak, 3 nevelő segítségével. Az oktatás céljára a község volt kultúrotthonát használták, ahol 2 tanterem és szolgálati lakás létesült. Rendelkezésre állt még egy szükségtanterem egy magánháznál, és az eredeti volt református iskola, ahol az alsó tagozatos oktatás folyt. A három helyen szétszórtan történő oktatás sok nehézséget jelentett gyerekeknek és felnőtteknek egyaránt. Az 1952/53-as tanévtől kezdve a felső tagozat mindegyik osztálya külön tanulócsoport lett. A nevelők száma négyre, majd hatra gyarapodott. Tanterem hiányában a felső tagozat az alsósok tantermeit is használta, így az alsó tagozat délután járt iskolába. Az 1955/56-os években történt átszervezések alkalmával megürült az addig körzeti rendőr- őrs által használt épület, s ebbe költözhetett az általános iskola. 1978-ban Kisasszonyfa és Magyartelek, 1983-ban Gilvánfa alsó tagozatosainak bekörzetesítése történt meg Magyarmecskére. Így lehetőség volt arra, hogy mind a nyolc osztály önállóan működjön, s az alsó tagozatban még további egy tanulócsoport, 1-4 összevonású kisegítő osztály működése is megkezdődött az enyhe fokban értelmi fogyatékos gyermekek számára. A délelőtti oktatást délután 7 napközis csoportban folyó munka egészí- tette ki. 1990-ben átadásra került a pályázati pénzekből felépített szép új iskolaépület. 1993-tól Gilvánfa önálló jegyzőség lett, s alsó tagozatos iskolát létesítettek. A felső tagozat továbbra is Magyarmecskére járt. 1998. szeptember 1-től a 4 évig Gilvánfára járt alsó tagozatosok a szülők határozott fellépésének eredményeként ismét visszakerültek a magyarmecskei iskolába. 1990-es évek végétől teljesen osztott 8 évfolyam, egy hármas összevonású speciális osztály, valamint 6 napközis csoport működött. 2003/2004-es tanévtől teljesen osztott 8 évfolyammal működik továbbra is az iskola. Ebben a tanévben történt meg a sajátos nevelési igényű gyermekek integrált nevelése-oktatása, valamint az Integrációs Pedagógiai Rendszer (IPR) bevezetése. Az 1-8 évfolyamon egész napos oktatás folyik.</p>
<p style="text-align: justify;">2016. februárjában bővült iskolánk egy új tornateremmel.</p>
<p>&nbsp;</p>

<p>Rövid történeti áttekintés Az államosítás előtti időkben Magyarmecskén és Gyöngyfán református, Gilvánfán és Kisasszonyfán római katolikus egy-egy összevont tanulócsoportos felekezeti iskola működött, 1-6. osztállyal. Magyarteleken csak 1946-ban létesült önálló iskola. Az 1948-ban történt államosítás jelentős változást teremtett az oktatásban. A kötelező kö- zös tanterv, a gyermekek érdeke, a nevelők munkájának megosztása szinte magától kínálta az [&hellip;]</p>
