{"id":409,"date":"2017-01-11T10:37:22","date_gmt":"2017-01-11T10:37:22","guid":{"rendered":"https:\/\/mecskekozkincs.hu\/?page_id=409"},"modified":"2017-01-11T10:42:07","modified_gmt":"2017-01-11T10:42:07","slug":"kepek","status":"publish","type":"page","link":"https:\/\/mecskekozkincs.hu\/?page_id=409","title":{"rendered":"K\u00e9pek"},"content":{"rendered":"<h1 class=\"entry-title\">\u00a0 <a href=\"https:\/\/mecskekozkincs.hu\/?page_id=354\">1.\u00a0Az iskola bemutat\u00e1sa k\u00e9pekben<\/a><\/h1>\n<h1 class=\"entry-title\">\u00a0 \u00a0<a href=\"https:\/\/mecskekozkincs.hu\/?page_id=385\">2.\u00a0Gyerekek sz\u00ednj\u00e1tsz\u00e1sa<\/a><\/h1>\n<h1 class=\"entry-title\">\u00a0 \u00a0 <a href=\"https:\/\/mecskekozkincs.hu\/?page_id=237\">3.\u00a0Tanul\u00f3i munk\u00e1k<\/a><\/h1>\n","protected":false},"excerpt":{"rendered":"<p>\u00a0 1.\u00a0Az iskola bemutat\u00e1sa k\u00e9pekben \u00a0 \u00a02.\u00a0Gyerekek sz\u00ednj\u00e1tsz\u00e1sa \u00a0 \u00a0 3.\u00a0Tanul\u00f3i munk\u00e1k<\/p>\n","protected":false},"author":1,"featured_media":0,"parent":0,"menu_order":0,"comment_status":"closed","ping_status":"closed","template":"","meta":{"footnotes":""},"_links":{"self":[{"href":"https:\/\/mecskekozkincs.hu\/index.php?rest_route=\/wp\/v2\/pages\/409"}],"collection":[{"href":"https:\/\/mecskekozkincs.hu\/index.php?rest_route=\/wp\/v2\/pages"}],"about":[{"href":"https:\/\/mecskekozkincs.hu\/index.php?rest_route=\/wp\/v2\/types\/page"}],"author":[{"embeddable":true,"href":"https:\/\/mecskekozkincs.hu\/index.php?rest_route=\/wp\/v2\/users\/1"}],"replies":[{"embeddable":true,"href":"https:\/\/mecskekozkincs.hu\/index.php?rest_route=%2Fwp%2Fv2%2Fcomments&post=409"}],"version-history":[{"count":3,"href":"https:\/\/mecskekozkincs.hu\/index.php?rest_route=\/wp\/v2\/pages\/409\/revisions"}],"predecessor-version":[{"id":414,"href":"https:\/\/mecskekozkincs.hu\/index.php?rest_route=\/wp\/v2\/pages\/409\/revisions\/414"}],"wp:attachment":[{"href":"https:\/\/mecskekozkincs.hu\/index.php?rest_route=%2Fwp%2Fv2%2Fmedia&parent=409"}],"curies":[{"name":"wp","href":"https:\/\/api.w.org\/{rel}","templated":true}]}}